{"id":8,"date":"2017-02-08T09:40:58","date_gmt":"2017-02-08T08:40:58","guid":{"rendered":"http:\/\/virtualna-akademia.sk\/?page_id=8"},"modified":"2020-03-25T23:03:33","modified_gmt":"2020-03-25T22:03:33","slug":"uvod","status":"publish","type":"page","link":"https:\/\/virtualna-akademia.sk\/","title":{"rendered":"Virtu\u00e1lna akad\u00e9mia &#8211; projekt otvoren\u00e9ho vzdel\u00e1vania pre komunity"},"content":{"rendered":"<p style=\"text-align: center;\"><span style=\"font-family: 'Trebuchet MS'; font-size: small;\">projekt realizuje Zdru\u017eenie komunitn\u00e9ho vzdel\u00e1vania VIRTA a VIRTA s.r.o.<\/span><\/p>\n<p style=\"text-align: center;\"><img data-recalc-dims=\"1\" loading=\"lazy\" decoding=\"async\" class=\"alignnone size-full wp-image-16\" src=\"https:\/\/i0.wp.com\/virtualna-akademia.sk\/wp-content\/uploads\/2017\/02\/x3.jpg?resize=250%2C195\" alt=\"\" width=\"250\" height=\"195\" \/> <img data-recalc-dims=\"1\" loading=\"lazy\" decoding=\"async\" class=\"alignnone size-full wp-image-15\" src=\"https:\/\/i0.wp.com\/virtualna-akademia.sk\/wp-content\/uploads\/2017\/02\/x2.jpg?resize=250%2C195\" alt=\"\" width=\"250\" height=\"195\" \/> <img data-recalc-dims=\"1\" loading=\"lazy\" decoding=\"async\" class=\"alignnone size-full wp-image-14\" src=\"https:\/\/i0.wp.com\/virtualna-akademia.sk\/wp-content\/uploads\/2017\/02\/x1.jpg?resize=250%2C195\" alt=\"\" width=\"250\" height=\"195\" \/><\/p>\n<p style=\"text-align: center;\">Pre korpor\u00e1tne vzdel\u00e1vanie pros\u00edm prejdite na port\u00e1l Firemn\u00e1 univerzita<\/p>\n<p style=\"text-align: center;\"><a href=\"https:\/\/firemnauniverzita.sk\" target=\"_blank\" rel=\"noopener noreferrer\"><img data-recalc-dims=\"1\" loading=\"lazy\" decoding=\"async\" class=\"alignnone wp-image-189 size-full\" src=\"https:\/\/i0.wp.com\/virtualna-akademia.sk\/wp-content\/uploads\/2019\/02\/7494236322_f6623622a1_z.png?resize=250%2C195&#038;ssl=1\" alt=\"\" width=\"250\" height=\"195\" \/><\/a><\/p>\n<p>\u00a0<\/p>\n\n\n<div class=\"wp-block-button aligncenter is-style-fill\"><a class=\"wp-block-button__link has-text-color has-background\" href=\"https:\/\/moja.virtualna-akademia.sk\/\" style=\"background-color:#0c3a50;color:#ece0da\">Otvoren\u00fd port\u00e1l virtu\u00e1lnej akad\u00e9mie<\/a><\/div>\n\n\n","protected":false},"excerpt":{"rendered":"<p>projekt realizuje Zdru\u017eenie komunitn\u00e9ho vzdel\u00e1vania VIRTA a VIRTA s.r.o. Pre korpor\u00e1tne vzdel\u00e1vanie pros\u00edm prejdite na port\u00e1l Firemn\u00e1 univerzita \u00a0<\/p>\n","protected":false},"author":1,"featured_media":0,"parent":0,"menu_order":0,"comment_status":"closed","ping_status":"closed","template":"","meta":{"footnotes":""},"class_list":["post-8","page","type-page","status-publish","hentry"],"jetpack_shortlink":"https:\/\/wp.me\/P8nBKx-8","jetpack_sharing_enabled":true,"_links":{"self":[{"href":"https:\/\/virtualna-akademia.sk\/index.php?rest_route=\/wp\/v2\/pages\/8","targetHints":{"allow":["GET"]}}],"collection":[{"href":"https:\/\/virtualna-akademia.sk\/index.php?rest_route=\/wp\/v2\/pages"}],"about":[{"href":"https:\/\/virtualna-akademia.sk\/index.php?rest_route=\/wp\/v2\/types\/page"}],"author":[{"embeddable":true,"href":"https:\/\/virtualna-akademia.sk\/index.php?rest_route=\/wp\/v2\/users\/1"}],"replies":[{"embeddable":true,"href":"https:\/\/virtualna-akademia.sk\/index.php?rest_route=%2Fwp%2Fv2%2Fcomments&post=8"}],"version-history":[{"count":13,"href":"https:\/\/virtualna-akademia.sk\/index.php?rest_route=\/wp\/v2\/pages\/8\/revisions"}],"predecessor-version":[{"id":299,"href":"https:\/\/virtualna-akademia.sk\/index.php?rest_route=\/wp\/v2\/pages\/8\/revisions\/299"}],"wp:attachment":[{"href":"https:\/\/virtualna-akademia.sk\/index.php?rest_route=%2Fwp%2Fv2%2Fmedia&parent=8"}],"curies":[{"name":"wp","href":"https:\/\/api.w.org\/{rel}","templated":true}]}}